
True
Is 28416 a multiple of 64?
True
Is 408 a multiple of 8?
True
Is 20 a factor of 5640?
True
Is 6 a factor of 5573?
False
Does 6 divide 366?
True
Does 11 divide 781?
True
Is 690 a multiple of 230?
True
Is 12 a factor of 48?
True
Is 14071 a multiple of 23?
False
Does 12 divide 905?
False
Is 833 a multiple of 32?
False
Does 68 divide 1632?
True
Does 11 divide 88?
True
Is 1915 a multiple of 4?
False
Is 1695 a multiple of 60?
False
Does 118 divide 117460?
False
Is 2265 a multiple of 13?
False
Is 22 a multiple of 2?
True
Is 11 a factor of 143?
True
Is 3 a factor of 120?
True
Is 92 a factor of 18124?
True
Is 27 a factor of 2312?
False
Does 54 divide 756?
True
Is 290 a multiple of 58?
True
Does 16 divide 10976?
True
Is 17368 a multiple of 12?
False
Does 79 divide 4898?
True
Does 18 divide 928?
False
Is 149 a factor of 28324?
False
Is 12 a factor of 47746?
False
Is 16 a factor of 40416?
True
Is 11 a factor of 340?
False
Is 15 a factor of 15375?
True
Does 48 divide 28524?
False
Is 1882 a multiple of 29?
False
Is 921 a multiple of 5?
False
Is 16886 a multiple of 23?
False
Does 52 divide 126620?
True
Is 11940 a multiple of 33?
False
Is 85 a factor of 3995?
True
Is 174 a factor of 30972?
True
Is 117 a factor of 14157?
True
Is 32 a factor of 581?
False
Does 28 divide 487?
False
Is 44550 a multiple of 198?
True
Is 15690 a multiple of 6?
True
Is 943 a multiple of 23?
True
Does 48 divide 480?
True
Is 9450 a multiple of 27?
True
Is 589 a multiple of 7?
False
Is 10 a factor of 160?
True
Does 20 divide 62120?
True
Is 808 a multiple of 14?
False
Is 11 a factor of 626?
False
Is 13 a factor of 13?
True
Does 14 divide 340?
False
Is 46 a factor of 63137?
False
Does 151 divide 9466?
False
Is 22374 a multiple of 113?
True
Is 26 a factor of 15392?
True
Is 477 even?
False
Is 20 a factor of 1097?
False
Is 239 a factor of 717?
True
Is 17 a factor of 152?
False
Is 277 a factor of 124373?
True
Does 36 divide 101921?
False
Does 81 divide 6158?
False
Is 586 a multiple of 12?
False
Does 174 divide 56616?
False
Is 4 a factor of 340?
True
Is 844 a multiple of 4?
True
Does 4 divide 299?
False
Does 7 divide 2897?
False
Is 46 a factor of 5520?
True
Is 153 a factor of 127449?
True
Does 4 divide 276?
True
Does 88 divide 2464?
True
Is 70 a multiple of 14?
True
Does 12 divide 81958?
False
Is 3 a factor of 1430?
False
Is 102 a factor of 3468?
True
Is 22445 a multiple of 22?
False
Is 55992 a multiple of 24?
True
Does 19 divide 5170?
False
Is 22 a factor of 72?
False
Is 47 a factor of 11598?
False
Is 434 a multiple of 7?
True
Is 13 a factor of 165?
False
Is 22 a factor of 550?
True
Is 97 a factor of 7469?
True
Is 958 a multiple of 27?
False
Is 25288 a multiple of 232?
True
Is 11 a factor of 506?
True
Does 12 divide 48?
True
Is 8 a factor of 2463?
False
Is 59 a factor of 2863?
False
Is 22 a factor of 4752?
True
Does 18 divide 1001?
False
Is 4147 a multiple of 13?
True
Is 430 a multiple of 10?
True
Is 101 a factor of 4747?
True
Is 41 a factor of 123?
True
Does 22 divide 506?
True
Is 8 a factor of 1788?
False
Does 14 divide 414?
False
Is 720 a multiple of 16?
True
Is 28 a factor of 78344?
True
Is 166884 a multiple of 12?
True
Does 28 divide 257?
False
Does 26 divide 30316?
True
Is 8 a factor of 40?
True
Is 76 a factor of 12694?
False
Does 10 divide 400?
True
Does 59 divide 970?
False
Is 27 a factor of 104?
False
Does 54 divide 1210?
False
Is 38352 a multiple of 48?
True
Does 179 divide 39380?
True
Is 1024 a multiple of 32?
True
Is 96302 a multiple of 358?
True
Is 14529 a multiple of 167?
True
Is 27 a multiple of 2?
False
Is 90 a factor of 54180?
True
Does 66 divide 510?
False
Is 17246 a multiple of 11?
False
Does 2 divide 6017?
False
Is 3486 a multiple of 6?
True
Is 3796 a multiple of 57?
False
Is 35 a factor of 490?
True
Is 43 a factor of 940?
False
Does 23 divide 37855?
False
Is 2738 a multiple of 37?
True
Is 11 a factor of 3102?
True
Is 7 a factor of 1839?
False
Is 22359 a multiple of 29?
True
Does 23 divide 277?
False
Is 11 a factor of 756?
False
Does 37 divide 3182?
True
Is 3 a factor of 240?
True
Does 10 divide 367?
False
Does 63 divide 4032?
True
Does 108 divide 4802?
False
Does 15 divide 4440?
True
Is 9 a factor of 72?
True
Does 14 divide 2463?
False
Is 234 a multiple of 26?
True
Is 16 a factor of 67903?
False
Is 18 a factor of 684?
True
Is 16 a factor of 8576?
True
Is 61 a multiple of 9?
False
Does 12 divide 489?
False
Is 37 a factor of 5413?
False
Is 239 even?
False
Does 30 divide 2160?
True
Is 12 a factor of 498?
False
Is 7015 a multiple of 34?
False
Is 58622 a multiple of 93?
False
Does 6 divide 17244?
True
Does 311 divide 53181?
True
Does 15 divide 2529?
False
Is 700 a multiple of 28?
True
Is 1240 a multiple of 31?
True
Is 156 a multiple of 19?
False
Does 28 divide 3944?
False
Is 32 a factor of 1696?
True
Does 41 divide 91?
False
Does 12 divide 4200?
True
Is 37 a factor of 629?
True
Is 714 a multiple of 17?
True
Does 6 divide 158?
False
Does 15 divide 9064?
False
Does 8 divide 1182?
False
Does 8 divide 1063?
False
Does 34 divide 166226?
True
Is 6710 a multiple of 10?
True
Is 13 a factor of 1142?
False
Does 35 divide 385?
True
Is 4838 a multiple of 82?
True
Is 32 a factor of 21408?
True
Does 44 divide 4048?
True
Does 16 divide 56785?
False
Does 12 divide 180?
True
Is 59475 a multiple of 87?
False
Is 75 a factor of 55913?
False
Does 4 divide 130?
False
Does 16 divide 400?
True
Does 4 divide 1040?
True
Is 27 a factor of 810?
True
Is 13 a factor of 3648?
False
Is 1186 a multiple of 3?
False
Is 7 a factor of 653?
False
Is 119 a multiple of 38?
False
Is 17 a factor of 1377?
True
Does 17 divide 871?
False
Is 10 a factor of 9090?
True
Is 4 a factor of 2244?
True
Is 14 a factor of 31878?
True
Is 19 a factor of 28504?
False
Is 2373 a multiple of 29?
False
Is 960 a multiple of 7?
False
Is 709 a multiple of 3?
False
Does 9 divide 36?
True
Is 5181 a multiple of 11?
True
Is 32560 a multiple of 44?
True
Is 5 a factor of 4919?
False
Is 1215 a multiple of 10?
False
Is 294 a multiple of 14?
True
Is 85 a factor of 2890?
True
Is 1775 a multiple of 71?
True
Does 32 divide 288?
True
Is 2 a factor of 3538?
True
Is 23018 a multiple of 30?
False
Is 40934 a multiple of 19?
False
Does 7 divide 16933?
True
Does 44 divide 660?
True
Is 154 a multiple of 24?
False
Is 6 a factor of 138?
True
Is 1028 a multiple of 6?
False
Is 15 a factor of 240?
True
Is 50 a factor of 25307?
False
Is 3 a factor of 563?
False
Does 32 divide 1696?
True
Does 63 divide 274?
False
Is 19228 a multiple of 23?
True
Does 88 divide 3608?
True
Is 5 a factor of 92?
False
Is 408 a multiple of 8?
True
Does 51 divide 1122?
True
Is 3842 a multiple of 113?
True
Is 4 a factor of 345?
False
Does 91 divide 28303?
False
Is 1202 a multiple of 46?
False
Does 18 divide 827?
False
Is 168 a multiple of 21?
True
Is 17 a factor of 357?
True
Does 16 divide 251?
False
Does 281 divide 51416?
False
Is 17492 a multiple of 25?
False
Is 464 a multiple of 4?
True
Is 24 a factor of 4138?
False
Does 5 divide 120?
True
Is 5004 even?
True
Is 10 a factor of 13770?
True
Is 288 a multiple of 9?
True
Is 4 a factor of 2584?
True
Does 28 divide 7077?
False
Is 82 a factor of 291?
False
Is 27 a factor of 1916?
False
Is 1342 a multiple of 25?
False
Is 16617 a multiple of 152?
False
Does 9 divide 207?
True
Is 27 a factor of 1057?
False
Does 20 divide 220?
True
Is 11 a factor of 515?
False
Is 37 a factor of 333?
True
Is 305 a multiple of 14?
False
Is 400 even?
True
Is 237 a multiple of 23?
False
Is 5 a factor of 4759?
False
Is 25156 a multiple of 38?
True
Is 728 a multiple of 21?
False
Is 62 a factor of 434?
True
Is 24 a factor of 5481?
False
Is 22 a factor of 2266?
True
Is 38 a factor of 1021?
False
Does 9 divide 45804?
False
Is 14862 a multiple of 220?
False
Is 4111 a multiple of 20?
False
Does 37 divide 622?
False
Is 11 a factor of 22302?
False
Is 126 a factor of 4788?
True
Does 6 divide 589?
False
Does 21 divide 59440?
False
Does 48 divide 1920?
True
Does 32 divide 1920?
True
Is 35 a factor of 1925?
True
Does 54 divide 7344?
True
Does 193 divide 20458?
True
Is 2 a factor of 285?
False
Is 107 a factor of 2823?
False
Does 25 divide 8897?
False
Does 117 divide 4428?
False
Is 18 a factor of 450?
True
Does 54 divide 17793?
False
Is 1789 a multiple of 33?
False
Is 184 a fa